{"id":6,"date":"2017-06-10T08:21:56","date_gmt":"2017-06-10T08:21:56","guid":{"rendered":"http:\/\/xtratheme.com\/business\/?page_id=4"},"modified":"2024-12-20T15:21:35","modified_gmt":"2024-12-20T14:21:35","slug":"home","status":"publish","type":"page","link":"https:\/\/ernst-tiefbau.ch\/","title":{"rendered":"Home"},"content":{"rendered":"\t\t<div data-elementor-type=\"wp-page\" data-elementor-id=\"6\" class=\"elementor elementor-6\">\n\t\t\t\t\t\t<section class=\"elementor-section elementor-top-section elementor-element elementor-element-b2e18cc elementor-section-height-min-height elementor-section-items-bottom elementor-section-stretched elementor-section-boxed elementor-section-height-default\" data-id=\"b2e18cc\" data-element_type=\"section\" data-e-type=\"section\" data-settings=\"{&quot;stretch_section&quot;:&quot;section-stretched&quot;,&quot;background_background&quot;:&quot;classic&quot;}\">\n\t\t\t\t\t\t<div class=\"elementor-container elementor-column-gap-default\">\n\t\t\t\t\t<div class=\"elementor-column elementor-col-100 elementor-top-column elementor-element elementor-element-3673253\" data-id=\"3673253\" data-element_type=\"column\" data-e-type=\"column\">\n\t\t\t<div class=\"elementor-widget-wrap elementor-element-populated\">\n\t\t\t\t\t\t<div class=\"elementor-element elementor-element-fe45b17 elementor-widget elementor-widget-cz_gap\" data-id=\"fe45b17\" data-element_type=\"widget\" data-e-type=\"widget\" data-widget_type=\"cz_gap.default\">\n\t\t\t\t<div class=\"elementor-widget-container\">\n\t\t\t\t\t<div class=\"cz_gap clr\"><\/div>\t\t\t\t<\/div>\n\t\t\t\t<\/div>\n\t\t\t\t\t<\/div>\n\t\t<\/div>\n\t\t\t\t\t<\/div>\n\t\t<\/section>\n\t\t\t\t<section class=\"elementor-section elementor-top-section elementor-element elementor-element-118c6ec elementor-section-boxed elementor-section-height-default elementor-section-height-default\" data-id=\"118c6ec\" data-element_type=\"section\" data-e-type=\"section\">\n\t\t\t\t\t\t<div class=\"elementor-container elementor-column-gap-default\">\n\t\t\t\t\t<div class=\"elementor-column elementor-col-100 elementor-top-column elementor-element elementor-element-0b46cff\" data-id=\"0b46cff\" data-element_type=\"column\" data-e-type=\"column\">\n\t\t\t<div class=\"elementor-widget-wrap elementor-element-populated\">\n\t\t\t\t\t\t<div class=\"elementor-element elementor-element-88b73a4 elementor-widget elementor-widget-menu-anchor\" data-id=\"88b73a4\" data-element_type=\"widget\" data-e-type=\"widget\" data-widget_type=\"menu-anchor.default\">\n\t\t\t\t<div class=\"elementor-widget-container\">\n\t\t\t\t\t\t\t<div class=\"elementor-menu-anchor\" id=\"dienstleistungen\"><\/div>\n\t\t\t\t\t\t<\/div>\n\t\t\t\t<\/div>\n\t\t\t\t<div class=\"elementor-element elementor-element-812fb3e elementor-widget elementor-widget-cz_title\" data-id=\"812fb3e\" data-element_type=\"widget\" data-e-type=\"widget\" data-widget_type=\"cz_title.default\">\n\t\t\t\t<div class=\"elementor-widget-container\">\n\t\t\t\t\t\t\r\n\t\t<div>\r\n\t\t\t<div class=\"cz_title clr cz_title_pos_inline tac\"><div class=\"cz_title_content\"><div class=\"cz_wpe_content\"><h2 style=\"text-align: center;\">ERNST Tiefbau AG<\/h2><\/div><\/div><\/div>\r\n\t\t<\/div>\r\n\t\t\r\n\t\t\t\t\t\t<\/div>\n\t\t\t\t<\/div>\n\t\t\t\t\t<\/div>\n\t\t<\/div>\n\t\t\t\t\t<\/div>\n\t\t<\/section>\n\t\t\t\t<section class=\"elementor-section elementor-top-section elementor-element elementor-element-7a1bace elementor-section-boxed elementor-section-height-default elementor-section-height-default\" data-id=\"7a1bace\" data-element_type=\"section\" data-e-type=\"section\" data-settings=\"{&quot;background_background&quot;:&quot;classic&quot;}\">\n\t\t\t\t\t\t<div class=\"elementor-container elementor-column-gap-default\">\n\t\t\t\t\t<div class=\"elementor-column elementor-col-50 elementor-top-column elementor-element elementor-element-7aced84\" data-id=\"7aced84\" data-element_type=\"column\" data-e-type=\"column\">\n\t\t\t<div class=\"elementor-widget-wrap elementor-element-populated\">\n\t\t\t\t\t\t<div class=\"elementor-element elementor-element-328d6e1 elementor-widget elementor-widget-image\" data-id=\"328d6e1\" data-element_type=\"widget\" data-e-type=\"widget\" data-widget_type=\"image.default\">\n\t\t\t\t<div class=\"elementor-widget-container\">\n\t\t\t\t\t\t\t\t\t\t\t\t\t\t\t<img loading=\"lazy\" decoding=\"async\" width=\"1004\" height=\"388\" src=\"https:\/\/ernst-tiefbau.ch\/wp-content\/uploads\/2023\/12\/Logo_Web_Big_1_Export.jpg\" class=\"attachment-large size-large wp-image-2379\" alt=\"Logo Web Big 1 Export\" srcset=\"https:\/\/ernst-tiefbau.ch\/wp-content\/uploads\/2023\/12\/Logo_Web_Big_1_Export.jpg 1004w, https:\/\/ernst-tiefbau.ch\/wp-content\/uploads\/2023\/12\/Logo_Web_Big_1_Export-300x116.jpg 300w, https:\/\/ernst-tiefbau.ch\/wp-content\/uploads\/2023\/12\/Logo_Web_Big_1_Export-768x297.jpg 768w, https:\/\/ernst-tiefbau.ch\/wp-content\/uploads\/2023\/12\/Logo_Web_Big_1_Export-600x232.jpg 600w\" sizes=\"auto, (max-width: 1004px) 100vw, 1004px\" loading=\"lazy\" \/>\t\t\t\t\t\t\t\t\t\t\t\t\t\t\t<\/div>\n\t\t\t\t<\/div>\n\t\t\t\t<div class=\"elementor-element elementor-element-f4b38c7 elementor-widget elementor-widget-spacer\" data-id=\"f4b38c7\" data-element_type=\"widget\" data-e-type=\"widget\" data-widget_type=\"spacer.default\">\n\t\t\t\t<div class=\"elementor-widget-container\">\n\t\t\t\t\t\t\t<div class=\"elementor-spacer\">\n\t\t\t<div class=\"elementor-spacer-inner\"><\/div>\n\t\t<\/div>\n\t\t\t\t\t\t<\/div>\n\t\t\t\t<\/div>\n\t\t\t\t\t<\/div>\n\t\t<\/div>\n\t\t\t\t<div class=\"elementor-column elementor-col-50 elementor-top-column elementor-element elementor-element-e052abc\" data-id=\"e052abc\" data-element_type=\"column\" data-e-type=\"column\">\n\t\t\t<div class=\"elementor-widget-wrap elementor-element-populated\">\n\t\t\t\t\t\t<div class=\"elementor-element elementor-element-212fb7b elementor-widget__width-initial elementor-widget elementor-widget-cz_image\" data-id=\"212fb7b\" data-element_type=\"widget\" data-e-type=\"widget\" data-widget_type=\"cz_image.default\">\n\t\t\t\t<div class=\"elementor-widget-container\">\n\t\t\t\t\t\r\n\t\t<div class=\"cz_image clr cz_image_flip_h\" data-position=\"\">\r\n\r\n\t\t\t<div>\r\n\r\n\t\t\t\t<div class=\"cz_image_in\">\r\n\r\n\t\t\t\t\t<div class=\"cz_main_image\"><img loading=\"lazy\" decoding=\"async\" width=\"810\" height=\"1080\" src=\"https:\/\/ernst-tiefbau.ch\/wp-content\/uploads\/2023\/12\/Baustelle_1_Web.jpg\" class=\"attachment-full size-full wp-image-2344\" alt=\"Baustelle 1 Web\" loading=\"lazy\" srcset=\"https:\/\/ernst-tiefbau.ch\/wp-content\/uploads\/2023\/12\/Baustelle_1_Web.jpg 810w, https:\/\/ernst-tiefbau.ch\/wp-content\/uploads\/2023\/12\/Baustelle_1_Web-225x300.jpg 225w, https:\/\/ernst-tiefbau.ch\/wp-content\/uploads\/2023\/12\/Baustelle_1_Web-768x1024.jpg 768w, https:\/\/ernst-tiefbau.ch\/wp-content\/uploads\/2023\/12\/Baustelle_1_Web-600x800.jpg 600w\" sizes=\"auto, (max-width: 810px) 100vw, 810px\" \/><\/div>\r\n\r\n\t\t\t\t\t<div class=\"cz_hover_image\"><img loading=\"lazy\" decoding=\"async\" width=\"810\" height=\"1080\" src=\"https:\/\/ernst-tiefbau.ch\/wp-content\/uploads\/2023\/12\/Baustelle_1_Web.jpg\" class=\"attachment-full size-full wp-image-2344\" alt=\"Baustelle 1 Web\" loading=\"lazy\" srcset=\"https:\/\/ernst-tiefbau.ch\/wp-content\/uploads\/2023\/12\/Baustelle_1_Web.jpg 810w, https:\/\/ernst-tiefbau.ch\/wp-content\/uploads\/2023\/12\/Baustelle_1_Web-225x300.jpg 225w, https:\/\/ernst-tiefbau.ch\/wp-content\/uploads\/2023\/12\/Baustelle_1_Web-768x1024.jpg 768w, https:\/\/ernst-tiefbau.ch\/wp-content\/uploads\/2023\/12\/Baustelle_1_Web-600x800.jpg 600w\" sizes=\"auto, (max-width: 810px) 100vw, 810px\" \/><\/div>\r\n\t\t\t\t<\/div>\r\n\r\n\t\t\t\t\r\n\t\t\t<\/div>\r\n\r\n\t\t<\/div>\r\n\r\n\t\t\t\t\t<\/div>\n\t\t\t\t<\/div>\n\t\t\t\t\t<\/div>\n\t\t<\/div>\n\t\t\t\t\t<\/div>\n\t\t<\/section>\n\t\t\t\t<section class=\"elementor-section elementor-top-section elementor-element elementor-element-f78d186 elementor-section-full_width elementor-section-stretched elementor-section-height-default elementor-section-height-default\" data-id=\"f78d186\" data-element_type=\"section\" data-e-type=\"section\" data-settings=\"{&quot;stretch_section&quot;:&quot;section-stretched&quot;}\">\n\t\t\t\t\t\t<div class=\"elementor-container elementor-column-gap-default\">\n\t\t\t\t\t<div class=\"elementor-column elementor-col-100 elementor-top-column elementor-element elementor-element-a4aee6e\" data-id=\"a4aee6e\" data-element_type=\"column\" data-e-type=\"column\">\n\t\t\t<div class=\"elementor-widget-wrap\">\n\t\t\t\t\t\t\t<\/div>\n\t\t<\/div>\n\t\t\t\t\t<\/div>\n\t\t<\/section>\n\t\t\t\t<section class=\"elementor-section elementor-top-section elementor-element elementor-element-346f11e elementor-section-full_width elementor-section-stretched elementor-section-height-default elementor-section-height-default\" data-id=\"346f11e\" data-element_type=\"section\" data-e-type=\"section\" data-settings=\"{&quot;stretch_section&quot;:&quot;section-stretched&quot;}\">\n\t\t\t\t\t\t<div class=\"elementor-container elementor-column-gap-default\">\n\t\t\t\t\t<div class=\"elementor-column elementor-col-100 elementor-top-column elementor-element elementor-element-da289fd\" data-id=\"da289fd\" data-element_type=\"column\" data-e-type=\"column\">\n\t\t\t<div class=\"elementor-widget-wrap\">\n\t\t\t\t\t\t\t<\/div>\n\t\t<\/div>\n\t\t\t\t\t<\/div>\n\t\t<\/section>\n\t\t\t\t<section class=\"elementor-section elementor-top-section elementor-element elementor-element-f6bab69 elementor-section-full_width elementor-section-stretched elementor-hidden-mobile elementor-section-height-default elementor-section-height-default\" data-id=\"f6bab69\" data-element_type=\"section\" data-e-type=\"section\" data-settings=\"{&quot;stretch_section&quot;:&quot;section-stretched&quot;}\">\n\t\t\t\t\t\t<div class=\"elementor-container elementor-column-gap-default\">\n\t\t\t\t\t<div class=\"elementor-column elementor-col-100 elementor-top-column elementor-element elementor-element-b382a41\" data-id=\"b382a41\" data-element_type=\"column\" data-e-type=\"column\">\n\t\t\t<div class=\"elementor-widget-wrap elementor-element-populated\">\n\t\t\t\t\t\t<div class=\"elementor-element elementor-element-d02a893 elementor-widget elementor-widget-spacer\" data-id=\"d02a893\" data-element_type=\"widget\" data-e-type=\"widget\" data-widget_type=\"spacer.default\">\n\t\t\t\t<div class=\"elementor-widget-container\">\n\t\t\t\t\t\t\t<div class=\"elementor-spacer\">\n\t\t\t<div class=\"elementor-spacer-inner\"><\/div>\n\t\t<\/div>\n\t\t\t\t\t\t<\/div>\n\t\t\t\t<\/div>\n\t\t\t\t\t<\/div>\n\t\t<\/div>\n\t\t\t\t\t<\/div>\n\t\t<\/section>\n\t\t<div class=\"elementor-element elementor-element-fea9195 e-flex e-con-boxed e-con e-parent\" data-id=\"fea9195\" data-element_type=\"container\" data-e-type=\"container\">\n\t\t\t\t\t<div class=\"e-con-inner\">\n\t\t\t\t<div class=\"elementor-element elementor-element-0ecb33a elementor-widget elementor-widget-menu-anchor\" data-id=\"0ecb33a\" data-element_type=\"widget\" data-e-type=\"widget\" data-widget_type=\"menu-anchor.default\">\n\t\t\t\t<div class=\"elementor-widget-container\">\n\t\t\t\t\t\t\t<div class=\"elementor-menu-anchor\" id=\"ueberuns\"><\/div>\n\t\t\t\t\t\t<\/div>\n\t\t\t\t<\/div>\n\t\t\t\t<div class=\"elementor-element elementor-element-09ad1aa elementor-widget elementor-widget-heading\" data-id=\"09ad1aa\" data-element_type=\"widget\" data-e-type=\"widget\" data-widget_type=\"heading.default\">\n\t\t\t\t<div class=\"elementor-widget-container\">\n\t\t\t\t\t<h1 class=\"elementor-heading-title elementor-size-default\">\u00dcber uns<\/h1>\t\t\t\t<\/div>\n\t\t\t\t<\/div>\n\t\t\t\t\t<\/div>\n\t\t\t\t<\/div>\n\t\t<div class=\"elementor-element elementor-element-5911223 e-flex e-con-boxed e-con e-parent\" data-id=\"5911223\" data-element_type=\"container\" data-e-type=\"container\">\n\t\t\t\t\t<div class=\"e-con-inner\">\n\t\t<div class=\"elementor-element elementor-element-901378e e-con-full e-flex e-con e-child\" data-id=\"901378e\" data-element_type=\"container\" data-e-type=\"container\">\n\t\t\t\t<div class=\"elementor-element elementor-element-231d839 elementor-widget elementor-widget-heading\" data-id=\"231d839\" data-element_type=\"widget\" data-e-type=\"widget\" data-widget_type=\"heading.default\">\n\t\t\t\t<div class=\"elementor-widget-container\">\n\t\t\t\t\t<h2 class=\"elementor-heading-title elementor-size-default\">Firmengeschichte<\/h2>\t\t\t\t<\/div>\n\t\t\t\t<\/div>\n\t\t\t\t<div class=\"elementor-element elementor-element-1262806 elementor-widget elementor-widget-text-editor\" data-id=\"1262806\" data-element_type=\"widget\" data-e-type=\"widget\" data-widget_type=\"text-editor.default\">\n\t\t\t\t<div class=\"elementor-widget-container\">\n\t\t\t\t\t\t\t\t\t<p>Die Firma Ernst Leitungs- und Tiefbau wurde im Jahre 1984 von Stefan Ernst in W\u00fcrenlos gegr\u00fcndet. Im August 2006 konnten wir unser neues Magazin an der Grundstrasse 5 beziehen. Mitte 2017 wurde die Firma Ernst Leitungs- und Tiefbau zur Firma ERNST Tiefbau AG.<\/p>\t\t\t\t\t\t\t\t<\/div>\n\t\t\t\t<\/div>\n\t\t\t\t<div class=\"elementor-element elementor-element-e1550b5 elementor-widget elementor-widget-image\" data-id=\"e1550b5\" data-element_type=\"widget\" data-e-type=\"widget\" data-widget_type=\"image.default\">\n\t\t\t\t<div class=\"elementor-widget-container\">\n\t\t\t\t\t\t\t\t\t\t\t\t\t\t\t<img loading=\"lazy\" decoding=\"async\" width=\"1004\" height=\"388\" src=\"https:\/\/ernst-tiefbau.ch\/wp-content\/uploads\/2023\/12\/Logo_Web_Big_1_Export.jpg\" class=\"attachment-large size-large wp-image-2379\" alt=\"Logo Web Big 1 Export\" srcset=\"https:\/\/ernst-tiefbau.ch\/wp-content\/uploads\/2023\/12\/Logo_Web_Big_1_Export.jpg 1004w, https:\/\/ernst-tiefbau.ch\/wp-content\/uploads\/2023\/12\/Logo_Web_Big_1_Export-300x116.jpg 300w, https:\/\/ernst-tiefbau.ch\/wp-content\/uploads\/2023\/12\/Logo_Web_Big_1_Export-768x297.jpg 768w, https:\/\/ernst-tiefbau.ch\/wp-content\/uploads\/2023\/12\/Logo_Web_Big_1_Export-600x232.jpg 600w\" sizes=\"auto, (max-width: 1004px) 100vw, 1004px\" loading=\"lazy\" \/>\t\t\t\t\t\t\t\t\t\t\t\t\t\t\t<\/div>\n\t\t\t\t<\/div>\n\t\t\t\t<\/div>\n\t\t<div class=\"elementor-element elementor-element-20ce11d e-con-full e-flex e-con e-child\" data-id=\"20ce11d\" data-element_type=\"container\" data-e-type=\"container\">\n\t\t\t\t<div class=\"elementor-element elementor-element-0c4bc74 elementor-widget elementor-widget-heading\" data-id=\"0c4bc74\" data-element_type=\"widget\" data-e-type=\"widget\" data-widget_type=\"heading.default\">\n\t\t\t\t<div class=\"elementor-widget-container\">\n\t\t\t\t\t<h2 class=\"elementor-heading-title elementor-size-default\">Kundenstamm<\/h2>\t\t\t\t<\/div>\n\t\t\t\t<\/div>\n\t\t\t\t<div class=\"elementor-element elementor-element-0fa3a67 elementor-widget elementor-widget-text-editor\" data-id=\"0fa3a67\" data-element_type=\"widget\" data-e-type=\"widget\" data-widget_type=\"text-editor.default\">\n\t\t\t\t<div class=\"elementor-widget-container\">\n\t\t\t\t\t\t\t\t\t<p><strong>Auszug aus unseren Referenzen:<\/strong><\/p><ul><li>Regionalwerke AG Baden<\/li><li>EWW (Elektrizit\u00e4ts- und Wasserwerke\u00a0Wettingen)<\/li><li>TBW (Technische Betriebe W\u00fcrenlos)<\/li><li>Gas + Wasserwerke Dietikon<\/li><li>Gas + Wasserwerke Schlieren<\/li><\/ul>\t\t\t\t\t\t\t\t<\/div>\n\t\t\t\t<\/div>\n\t\t\t\t<\/div>\n\t\t\t\t\t<\/div>\n\t\t\t\t<\/div>\n\t\t<div class=\"elementor-element elementor-element-30ae37e e-flex e-con-boxed e-con e-parent\" data-id=\"30ae37e\" data-element_type=\"container\" data-e-type=\"container\">\n\t\t\t\t\t<div class=\"e-con-inner\">\n\t\t\t\t<div class=\"elementor-element elementor-element-1553850 elementor-widget elementor-widget-cz_timeline\" data-id=\"1553850\" data-element_type=\"widget\" data-e-type=\"widget\" data-widget_type=\"cz_timeline.default\">\n\t\t\t\t<div class=\"elementor-widget-container\">\n\t\t\t\t\t<section class=\"cz_timeline_container cz_tl_3 cz_a_c\"><div><div class=\"cz_timeline-block elementor-repeater-item-6f35993 cz_tl_left\"><div class=\"cz_timeline-i\" ><i class=\"cz_tl_icon fas fa-edit\"><\/i><\/div><div class=\"cz_timeline-content\">Firmengr\u00fcndung unter Ernst Kabelbau. T\u00e4tigkeit, haupts\u00e4chlich Netzbau f\u00fcr Kabel-TV.<span class=\"cz_date\">1984<\/span><\/div><\/div><div class=\"cz_timeline-block elementor-repeater-item-6795b13 cz_tl_right\"><div class=\"cz_timeline-i\" ><i class=\"cz_tl_icon fas fa-hammer\"><\/i><\/div><div class=\"cz_timeline-content\"><p>Erster Schlagvortrieb mit einem Essig-Verdr\u00e4ngungshammer. Mitarbeiter, 4-5<\/p><span class=\"cz_date\">1990<\/span><\/div><\/div><div class=\"cz_timeline-block elementor-repeater-item-5010cca cz_tl_left\"><div class=\"cz_timeline-i\" ><i class=\"cz_tl_icon fas fa-home\"><\/i><\/div><div class=\"cz_timeline-content\"><p>Einzug in Betriebsgeb\u00e4ude Kempfhofstrasse 29, 5436 W\u00fcrenlos.<\/p><span class=\"cz_date\">1991<\/span><\/div><\/div><div class=\"cz_timeline-block elementor-repeater-item-aefabff cz_tl_right\"><div class=\"cz_timeline-i\" ><i class=\"cz_tl_icon fas fa-tools\"><\/i><\/div><div class=\"cz_timeline-content\">Umzug in neuen Werkhof Grundstrasse 5, 5436 W\u00fcrenlos. Umstellung auf Grundomat \u2013Verdr\u00e4ngungsh\u00e4mmer.<span class=\"cz_date\">2006<\/span><\/div><\/div><div class=\"cz_timeline-block elementor-repeater-item-ae89896 cz_tl_left\"><div class=\"cz_timeline-i\" ><i class=\"cz_tl_icon fas fa-people-carry\"><\/i><\/div><div class=\"cz_timeline-content\"><p>Mitarbeiter, 7-8<\/p><span class=\"cz_date\">2015<\/span><\/div><\/div><div class=\"cz_timeline-block elementor-repeater-item-9c5357c cz_tl_right\"><div class=\"cz_timeline-i\" ><i class=\"cz_tl_icon fas fa-building\"><\/i><\/div><div class=\"cz_timeline-content\"><p>Aufbau und Bezug neues Magazin im T\u00e4gerhardring 1<\/p><span class=\"cz_date\">2023<\/span><\/div><\/div><\/div><\/section>\t\t\t\t<\/div>\n\t\t\t\t<\/div>\n\t\t\t\t\t<\/div>\n\t\t\t\t<\/div>\n\t\t<div class=\"elementor-element elementor-element-d4972fa e-flex e-con-boxed e-con e-parent\" data-id=\"d4972fa\" data-element_type=\"container\" data-e-type=\"container\">\n\t\t\t\t\t<div class=\"e-con-inner\">\n\t\t\t\t<div class=\"elementor-element elementor-element-4a539ad elementor-widget elementor-widget-menu-anchor\" data-id=\"4a539ad\" data-element_type=\"widget\" data-e-type=\"widget\" data-widget_type=\"menu-anchor.default\">\n\t\t\t\t<div class=\"elementor-widget-container\">\n\t\t\t\t\t\t\t<div class=\"elementor-menu-anchor\" id=\"kontakt\"><\/div>\n\t\t\t\t\t\t<\/div>\n\t\t\t\t<\/div>\n\t\t\t\t\t<\/div>\n\t\t\t\t<\/div>\n\t\t\t\t<\/div>\n\t\t","protected":false},"excerpt":{"rendered":"<p>ERNST Tiefbau AG \u00dcber uns Firmengeschichte Die Firma Ernst Leitungs- und &#8230; <\/p>\n","protected":false},"author":1,"featured_media":0,"parent":0,"menu_order":0,"comment_status":"closed","ping_status":"closed","template":"","meta":{"footnotes":""},"class_list":["post-6","page","type-page","status-publish","hentry"],"_links":{"self":[{"href":"https:\/\/ernst-tiefbau.ch\/index.php?rest_route=\/wp\/v2\/pages\/6","targetHints":{"allow":["GET"]}}],"collection":[{"href":"https:\/\/ernst-tiefbau.ch\/index.php?rest_route=\/wp\/v2\/pages"}],"about":[{"href":"https:\/\/ernst-tiefbau.ch\/index.php?rest_route=\/wp\/v2\/types\/page"}],"author":[{"embeddable":true,"href":"https:\/\/ernst-tiefbau.ch\/index.php?rest_route=\/wp\/v2\/users\/1"}],"replies":[{"embeddable":true,"href":"https:\/\/ernst-tiefbau.ch\/index.php?rest_route=%2Fwp%2Fv2%2Fcomments&post=6"}],"version-history":[{"count":178,"href":"https:\/\/ernst-tiefbau.ch\/index.php?rest_route=\/wp\/v2\/pages\/6\/revisions"}],"predecessor-version":[{"id":2485,"href":"https:\/\/ernst-tiefbau.ch\/index.php?rest_route=\/wp\/v2\/pages\/6\/revisions\/2485"}],"wp:attachment":[{"href":"https:\/\/ernst-tiefbau.ch\/index.php?rest_route=%2Fwp%2Fv2%2Fmedia&parent=6"}],"curies":[{"name":"wp","href":"https:\/\/api.w.org\/{rel}","templated":true}]}}